he remainder when 49276 is divided by 18.
10
What is the remainder when 184809 is divided by 440?
9
What is the remainder when 8513 is divided by 53?
33
What is the remainder when 65593 is divided by 62?
59
What is the remainder when 431457 is divided by 26966?
1
Calculate the remainder when 18062 is divided by 107.
86
Calculate the remainder when 156321 is divided by 8.
1
Calculate the remainder when 132333 is divided by 79.
8
Calculate the remainder when 126803 is divided by 262.
257
Calculate the remainder when 31608 is divided by 290.
288
Calculate the remainder when 3494 is divided by 247.
36
Calculate the remainder when 68579 is divided by 135.
134
What is the remainder when 32169 is divided by 16084?
1
What is the remainder when 5740 is divided by 1148?
0
What is the remainder when 1470 is divided by 120?
30
Calculate the remainder when 4946 is divided by 494.
6
Calculate the remainder when 71517 is divided by 8.
5
Calculate the remainder when 534182 is divided by 129.
122
Calculate the remainder when 14961 is divided by 14923.
38
Calculate the remainder when 497 is divided by 13.
3
Calculate the remainder when 101048 is divided by 212.
136
What is the remainder when 2562 is divided by 67?
16
What is the remainder when 65922 is divided by 2996?
10
What is the remainder when 601 is divided by 113?
36
Calculate the remainder when 66085 is divided by 33040.
5
Calculate the remainder when 713024 is divided by 25.
24
What is the remainder when 4098 is divided by 171?
165
What is the remainder when 7102 is divided by 2223?
433
What is the remainder when 131201 is divided by 222?
221
Calculate the remainder when 2967 is divided by 145.
67
What is the remainder when 13712 is divided by 341?
72
What is the remainder when 11555 is divided by 79?
21
What is the remainder when 7826 is divided by 3910?
6
Calculate the remainder when 5639 is divided by 20.
19
What is the remainder when 59158 is divided by 17?
15
What is the remainder when 5631 is divided by 188?
179
What is the remainder when 13728 is divided by 6858?
12
Calculate the remainder when 39019 is divided by 180.
139
What is the remainder when 14040 is divided by 11?
4
What is the remainder when 64911 is divided by 93?
90
What is the remainder when 6899 is divided by 13?
9
Calculate the remainder when 10377 is divided by 416.
393
What is the remainder when 4667 is divided by 324?
131
Calculate the remainder when 5132 is divided by 103.
85
What is the remainder when 165280 is divided by 165274?
6
What is the remainder when 241 is divided by 128?
113
What is the remainder when 3715 is divided by 1176?
187
Calculate the remainder when 11704 is divided by 1945.
34
Calculate the remainder when 12061 is divided by 106.
83
Calculate the remainder when 6771 is divided by 2189.
204
What is the remainder when 264276 is divided by 40?
36
Calculate the remainder when 39815 is divided by 6.
5
Calculate the remainder when 4722 is divided by 397.
355
What is the remainder when 58650 is divided by 116?
70
What is the remainder when 115698 is divided by 14461?
10
Calculate the remainder when 212390 is divided by 14.
10
What is the remainder when 172651 is divided by 890?
881
What is the remainder when 17894 is divided by 184?
46
What is the remainder when 2431 is divided by 199?
43
Calculate the remainder when 99188 is divided by 51.
44
Calculate the remainder when 35131 is divided by 54.
31
What is the remainder when 46270 is divided by 266?
252
What is the remainder when 9319 is divided by 1033?
22
Calculate the remainder when 1325 is divided by 168.
149
Calculate the remainder when 7435 is divided by 404.
163
Calculate the remainder when 170641 is divided by 74.
71
Calculate the remainder when 27683 is divided by 1977.
5
What is the remainder when 15137 is divided by 134?
129
Calculate the remainder when 1403 is divided by 231.
17
What is the remainder when 576853 is divided by 4?
1
What is the remainder when 146380 is divided by 48793?
1
What is the remainder when 5607 is divided by 30?
27
What is the remainder when 219131 is divided by 73030?
41
Calculate the remainder when 44800 is divided by 933.
16
Calculate the remainder when 1292482 is divided by 241.
240
Calculate the remainder when 41342 is divided by 336.
14
What is the remainder when 7241 is divided by 402?
5
What is the remainder when 97242 is divided by 32390?
72
What is the remainder when 129502 is divided by 2755?
17
Calculate the remainder when 29268 is divided by 91.
57
Calculate the remainder when 275280 is divided by 23.
16
What is the remainder when 22405 is divided by 11198?
9
Calculate the remainder when 285897 is divided by 300.
297
What is the remainder when 2507 is divided by 359?
353
What is the remainder when 150031 is divided by 75011?
9
What is the remainder when 20414 is divided by 23?
13
What is the remainder when 10492 is divided by 30?
22
Calculate the remainder when 2082 is divided by 1356.
726
Calculate the remainder when 42496 is divided by 68.
64
What is the remainder when 1207050 is divided by 308?
306
Calculate the remainder when 1559 is divided by 106.
75
Calculate the remainder when 3020 is divided by 189.
185
What is the remainder when 6797 is divided by 20?
17
Calculate the remainder when 7292 is divided by 1153.
374
Calculate the remainder when 6896 is divided by 3446.
4
Calculate the remainder when 5621452 is divided by 342.
340
What is the remainder when 47914 is divided by 29?
6
Calculate the remainder when 78434 is divided by 315.
314
Calculate the remainder when 2024 is divided by 2011.
13
Calculate the remainder when 46776 is divided by 23.
17
Calculate the remainder when 43515 is divided by 1040.
875
What is the remainder when 4260563 is divided by 58?
57
Calculate the remainder when 11505 is divided by 17.
13
Calculate the remainder when 683412 is divided by 226.
214
Calculate the remainder when 4377 is divided by 18.
3
Calculate the remainder when 21263 is divided by 139.
135
Calculate the remainder when 65298 is divided by 10882.
6
Calculate the remainder when 65287 is divided by 107.
17
Calculate the remainder when 266829 is divided by 24.
21
Calculate the remainder when 2117 is divided by 122.
43
Calculate the remainder when 483506 is divided by 78.
62
What is the remainder when 33891 is divided by 34?
27
Calculate the remainder when 347075 is divided by 65.
40
Calculate the remainder when 164608 is divided by 15.
13
What is the remainder when 16733 is divided by 100?
33
What is the remainder when 1872392 is divided by 12?
8
What is the remainder when 2950317 is divided by 647?
644
Calculate the remainder when 13801 is divided by 68.
65
What is the remainder when 183475 is divided by 1359?
10
What is the remainder when 3181 is divided by 2032?
1149
What is the remainder when 43972 is divided by 21?
19
Calculate the remainder when 725478 is divided by 70.
68
Calculate the remainder when 14428 is divided by 10.
8
Calculate the remainder when 16172 is divided by 1077.
17
What is the remainder when 12626 is divided by 6297?
32
Calculate the remainder when 1970401 is divided by 107.
103
What is the remainder when 55183 is divided by 438?
433
What is the remainder when 12129 is divided by 18?
15
What is the remainder when 1238 is divided by 329?
251
What is the remainder when 44097 is divided by 25?
22
Calculate the remainder when 7018 is divided by 701.
8
What is the remainder when 7026 is divided by 3249?
528
What is the remainder when 243619 is divided by 63?
61
What is the remainder when 2752 is divided by 464?
432
Calculate the remainder when 68061 is divided by 134.
123
What is the remainder when 25697 is divided by 25691?
6
What is the remainder when 16025 is divided by 2664?
41
Calculate the remainder when 1829 is divided by 390.
269
What is the remainder when 6530684 is divided by 1435?
1434
Calculate the remainder when 1183 is divided by 100.
83
Calculate the remainder when 70224 is divided by 17553.
12
What is the remainder when 6945 is divided by 3445?
55
What is the remainder when 4780 is divided by 187?
105
What is the remainder when 218 is divided by 50?
18
Calculate the remainder when 48574 is divided by 18.
10
What is the remainder when 749567 is divided by 23?
20
Calculate the rema